58. What is h(y)?
-8
Let b(a) = 6*a**3 + a**2 - a. Let c be b(1). Let s = 5 - c. Let n(g) = 2*g - 2 + 1 + 3*g. Give n(s).
-6
Suppose 3*u = -s - 2 - 4, -5*s + 9 = 2*u. Let l(d) = -5*d - 4 - d**2 - 3*d**2 + s*d**2. Let i = 4 - 9. What is l(i)?
-4
Let b(h) = -h + 7. Suppose 13 = f - 7. Suppose 5*i + f = 5*l, -l - 3*i = l - 13. Give b(l).
2
Let o(s) be the first derivative of -3*s**2 + s**2 + 5 + s**2. What is o(-4)?
8
Let s(g) = -2*g**3 + 3*g**2 - 1. Let v be s(-2). Suppose -5*y - 20 = -2*b, -b - 2*b - v = 2*y. Let u(l) = l**2 + 6*l + 7. Calculate u(y).
7
Let v(s) be the third derivative of -1/12*s**5 + 3*s**2 + 0 + 1/24*s**4 + 0*s - 1/120*s**6 - 1/6*s**3. Determine v(-5).
-6
Let w(n) = -5*n - 28 + 19 + 11. Suppose 3*x - j - 6 = 0, -3*j = -3*x - j + 6. What is w(x)?
-8
Let c(l) = -l. Let z(g) = -g**3 - 5*g**2 + 7*g + 7. Let m be z(-6). Let k be (-2)/((-75)/81 + m). Let n be 2/3*k/(-6). What is c(n)?
-3
Let s(o) = o**3 - o**2 + o - 5. Suppose n = 3 - 1. Let m(j) = -j**2 + 5*j - 1. Let f be m(5). Let u be f + 2 + n + -3. Determine s(u).
-5
Let f(c) = 3*c**2 - 10*c - 6. Let m(y) = -4*y**2 + 11*y + 7. Let j(n) = 5*f(n) + 4*m(n). Give j(-5).
3
Suppose 0 = -4*b, -2*o - 16 = -2*b - b. Let s be 15/4 - 2/o. Let p(z) = z**2 - 6*z + 4. Determine p(s).
-4
Suppose 3*d - 21 = 9. Let z(l) = 9*l**2 - d*l**2 + 2 + 2. Give z(-3).
-5
Let y(z) = -5 - 4 + 10 - 4 - 4*z**2 - 2*z + z**3. Determine y(4).
-11
Let i(h) = -h**3 + 1. Let b(a) = 6*a**3 - 9*a**2 + 2*a - 17. Let g(p) = b(p) + 5*i(p). Let j be g(9). Let l(q) = -q**2 + 7*q - 5. Give l(j).
1
Let l(c) = 3*c**2 + 5. Let j(q) = -5*q**2 - 8. Let k(n) = 5*j(n) + 8*l(n). Let x(z) = z**3 - 7. Let m(u) = -k(u) + x(u). Give m(0).
-7
Let p(z) = 4 + z - 4 - 1. Let d(f) = -2*f**2 - 4*f - 2. Let u be d(-2). Let x = u + 2. What is p(x)?
-1
Suppose 0 = 3*y - 3*t + 9, 4*y - 1 = t - 4. Let o(i) = i**2 + 0 + y - i**3. Suppose 7*v - k = 2*v, v = 5*k. What is o(v)?
0
Let q(g) = 7 + 11*g**2 - g**3 + 0*g**3 + 0*g**2 - 4*g**2. Calculate q(7).
7
Suppose 0*t = -5*t + 35. Let f(u) = -5*u**3 + 4*u**2 - 5*u + 7. Let m(l) = -2*l**2 + 3 - 2 + 3*l**3 + 3*l - 5. Let y(n) = t*m(n) + 4*f(n). Calculate y(-2).
-2
Let j(c) = 5*c**2 - 3 - 2*c**3 + c**3 + 2*c**3. Let i be (-2)/4*(-1 - 5). Suppose i*v + 0 = -15. What is j(v)?
-3
Let w(z) = z**3 - 7*z**2 + 8*z - 4. Let p be ((-15)/(-10) - 2)*-10. What is w(p)?
-14
Let p(s) = s**2 - s. Let j(f) = -6*f**2 + 6*f + 1. Let q(o) = j(o) + 4*p(o). Determine q(-1).
-3
Let y(l) = -326 + 322 + 0*l + l - 2*l. Calculate y(-8).
4
Let a(c) be the second derivative of c**5/20 - 7*c**4/12 + 5*c**3/6 - 3*c**2/2 + 2*c. Give a(6).
-9
Let k(m) = -m**2 - 4*m. Let l be k(-3). Let q = l + -1. Let g(x) = -q*x + 3*x - 1 - 2*x + 0*x. Calculate g(4).
-5
Let p(s) = -4*s. Suppose -j + 1 = m, m = -2*m + 6. Give p(j).
4
Let z(l) = l**2 + 3*l - 3. Let a(c) = c**3 + 5 + 26*c**2 + 0*c**3 + 7*c - 20*c**2. Let j be a(-5). What is z(j)?
7
Suppose 3*i = -34 + 10. Let w(p) = p**3 + 7*p**2 - 10*p - 10. Give w(i).
6
Let r(h) = h**2 + 9*h + 2. Let a(i) = -3*i**2 - 28*i - 6. Let v(u) = 2*a(u) + 7*r(u). Calculate v(-6).
-4
Let m(f) = -f**3 - 5*f + 2 + 2*f**3 + 2*f**2 + 1. Suppose -5*p = 11 + 9. Calculate m(p).
-9
Let j = 115 + -116. Let k(s) = -5*s**2 + s. Give k(j).
-6
Let z(f) = f - 4*f - f - 2*f**2 + f**3 - 1. Calculate z(4).
15
Let f = 114/7 + -2273/140. Let b(h) be the second derivative of 2*h - 1/2*h**2 - f*h**5 - 1/6*h**4 + 0 + 1/6*h**3. What is b(-3)?
5
Let i(t) = 15*t**3 - 2*t - 3. Let m(d) = -16*d**3 + 2*d + 4. Let r(u) = -3*i(u) - 2*m(u). Let b(j) = j**2 + 4*j - 6. Let z be b(-5). Calculate r(z).
12
Let y(a) = -5*a - 1. Suppose -2*b - n + 1 = 0, 5*b + 3*n = n + 5. Let f be -1 - -1*b/(-3). What is y(f)?
9
Let q(t) = -t + 18. Let o be q(14). Let l(m) = m**2 - 6*m + 6. Give l(o).
-2
Let p(u) = -7 + u - u + u + 8. Let c = 11 + -7. Calculate p(c).
5
Let y(p) = 11*p**2 + 1. Let a(b) = -b**2. Let r(k) = -a(k) - y(k). Calculate r(-1).
-11
Let u(r) = 2*r. Let j(i) = 3*i - 1. Let m(p) = -3*j(p) + 4*u(p). Determine m(3).
0
Let z(x) = 10*x**3 + 28*x**2 - 16*x - 23. Let r(b) = 7*b**3 + 19*b**2 - 11*b - 15. Let k(u) = -7*r(u) + 5*z(u). Give k(-7).
11
Suppose -10 = -6*j + 2*j - 2*t, 0 = 5*j - 3*t + 15. Suppose j = 4*p - 16. Let d(k) be the third derivative of k**4/24 + k**3/2 + 11*k**2. Calculate d(p).
7
Let b(q) be the second derivative of -q**5/20 + 5*q**4/12 - 5*q**3/6 - q**2/2 + 5*q. Let j(y) = y + 25. Let d be j(-21). Calculate b(d).
-5
Suppose 4*p - 17 = 3*b, 0*p + 16 = 5*p - 2*b. Suppose -4*z + 5*o - 9 = -3, -5*z = p*o - 9. Let a(n) be the third derivative of n**4/12 + 6*n**2. Determine a(z).
2
Let u(q) = 2*q**2 + 2*q**2 + 2 - 5*q**2 - 3*q**2 + q. What is u(-2)?
-16
Let d(p) = 3*p**2 + p**2 - p + 0*p**2 - 1. Let k be (-3)/2*(-8)/(-12). Give d(k).
4
Let h(o) = -7*o**3 + o**2 - 3*o - 6. Let t(u) = u**3 - u**2. Let k(c) = -h(c) - 6*t(c). Calculate k(-5).
-9
Let i = 22 - 2. Suppose -i = 4*l, 3*f + 3*l + 7 = -11. Let n(x) = -10*x**2 - x - 1. Determine n(f).
-10
Let t(m) = -m**3 - m**2 - m. Let r = -3 - -2. Let c(f) = -5*f**3 + 3*f**2 - 10*f + 9. Let q(j) = r*c(j) + 4*t(j). Determine q(6).
-9
Suppose -44 = 5*f - 4. Let p be 18/f - 2/(-8). Let q(b) = -4*b - 2. What is q(p)?
6
Let j be (-1)/((2/(-14))/(-1)). Let c = -4 - j. Let u(r) = -r**3 + 2*r**2 + 3*r + 4. What is u(c)?
4
Let b(x) be the second derivative of -x**6/360 + x**5/60 + x**3/3 + x. Let g(k) be the second derivative of b(k). What is g(4)?
-8
Let g(u) = 7 - 4 - 5 + u. Determine g(2).
0
Let a be 1/1 + 3 + -7. Let o(u) = 0*u**2 - u**2 + 2*u**2. Determine o(a).
9
Let x(t) = -t**3 - 3*t**2 - 4*t - 2. Let i be x(-2). Let y(b) = -2*b**2 + 3*b + 8*b**i - 2*b. Suppose 2*p + 1 = p. Calculate y(p).
5
Let t(c) = c - 7. Let q = 17 + -17. Let b(r) = r + 6. Let m be b(q). Calculate t(m).
-1
Let w(v) be the second derivative of -v**4/12 + 2*v**3/3 - 30*v. Calculate w(4).
0
Let n = 26 - 21. Let m(c) = 2*c + 5. Calculate m(n).
15
Let c(q) be the second derivative of -q**5/20 - 3*q**4/4 - 4*q**3/3 + q**2 - 28*q. Determine c(-8).
2
Let o(k) = 7 - 1 + 52*k - 55*k. Give o(4).
-6
Suppose 2*u + 3*p - 2*p - 5 = 0, 0 = -5*p + 5. Let x(c) = -u*c**2 + 3*c**2 - 2*c + 5*c. Let d = 1 - 3. Determine x(d).
-2
Let j(t) be the first derivative of 5*t**2/2 - 3*t + 3. Let l(q) = -1. Let v(i) = -j(i) + 6*l(i). Calculate v(-3).
12
Let p(s) be the second derivative of s**5/20 + s**4/3 - 5*s**3/6 - 5*s**2/2 + 32*s. Give p(-5).
-5
Let v(l) = -l**2 + 2*l + 2. Suppose -3*x + 3*h - 10 = 4*h, 2*x = -5*h - 24. Calculate v(x).
-6
Let v(p) = p - 5. Let h be (-4)/(-2)*(0/(-5) - 3). Calculate v(h).
-11
Let r(n) = n**3 - n + 2. Let k be r(-2). Let s be 2/1*k/(-4). Let p(b) = -3*b - 3 + 2 + 0*b**s - b**2. Give p(-1).
1
Suppose 4*r + 6 = -10, g = -3*r - 13. Let q(u) = -2*u + 1 - 3*u + 2*u. What is q(g)?
4
Let j(k) = 2*k + 1. Let p = 57 + -53. Calculate j(p).
9
Suppose 3*q + 2 = 5*q. Let p(l) = -1 - 9 + 2 + 8 - 4*l**2. What is p(q)?
-4
Suppose 0 = -2*n - 0*n + 2*d - 6, -5 = 5*n - 3*d. Let t(z) = -2*z**2 + 2*z. Determine t(n).
-4
Suppose 6*h + 122 = 122. Let x(l) = 2 + 2 - 3*l + 4*l. What is x(h)?
4
Let w(m) = -m**2 + 11*m + 11. Let l(d) = -4*d**2 + 33*d + 34. Let n(c) = 2*l(c) - 7*w(c). Determine n(-10).
1
Suppose -5*r + 7 = -0*b + 4*b, 2*r - 12 = 3*b. Let m(a) = -1 - a - a**2 + r*a - 3*a. Determine m(-1).
-1
Suppose 4*j = -g + 2, 5*j + 35 = 3*g + 2*g. Let b(o) = 2*o - g*o + o - o. What is b(-1)?
4
Suppose 2*d - 7*d - 30 = 0. Let t = -3 - d. Let y(l) = l + 2. Let a(x) = 1. Let h(p) = -3*a(p) + y(p). Give h(t).
2
Let z(y) = 4*y**3 - 6*y**2 - 2*y - 5. Let m(l) = -l**2 - 1. Let t(v) = 6*m(v) - z(v). Suppose -4 = -4*f - 0. Give t(f).
-3
Let j(u) be the first derivative of u**2 + 4*u - 1. Suppose -3*w = w. Let l = w - 3. What is j(l)?
-2
Let s(q) = -q. Let z(n) = -n**2 - 9*n - 3. Let i be z(-7). Suppose -i = -5*w + 9. Give s(w).
-4
Let n(o) be the third derivative of o**6/120 - o**4/24 + 7*o**3/6 + 10*o**2. Give n(0).
7
Let h be 2 + (-6)/(-3) + -7. Let m = 0 + h. Let k(b) be the second derivative of b**4/12 + b**3/3 + b**2 + b. Determine k(m).
5
Let g(z) = 27*z**2 + 1 - 17*z**2 - 2 - 9*z**2 - z**3. Give g(-1).
1
Let k(u) = -6*u - 21. Let f(p) = 3*p + 11. Let n(x) = 11*f(x) + 6*k(x). Let v(m) = 4*m + 4. Let i(b) = -4*n(b) - 5*v(b). Calculate i(-